me number?
True
Is 492321421 prime?
False
Is 1129129 a composite number?
True
Is 127511107 a composite number?
True
Is 78649955 a prime number?
False
Is 31846161 a composite number?
True
Is 68291189 a prime number?
False
Is 5528423 composite?
True
Is 21785657 a composite number?
False
Is 7927347 prime?
False
Is 44291213 prime?
True
Is 543853 prime?
True
Is 118792057 composite?
False
Is 580410533 a prime number?
True
Is 125170237 prime?
False
Is 569711291 prime?
True
Is 292342871 a composite number?
False
Is 520301 a prime number?
False
Is 33194771 prime?
False
Is 8616353 prime?
True
Is 25508741 a prime number?
False
Is 35676607 composite?
False
Is 28563049 prime?
True
Is 493682893 composite?
True
Is 804751393 a composite number?
True
Is 28432273 a composite number?
True
Is 5006845 a prime number?
False
Is 4678979 composite?
False
Is 385888067 composite?
False
Is 678355 composite?
True
Is 37932007 prime?
True
Is 8801437 composite?
False
Is 9911107 a prime number?
False
Is 86356649 a composite number?
False
Is 270008147 a prime number?
True
Is 22971671 prime?
True
Is 4973349 a prime number?
False
Is 17546603 composite?
False
Is 16981103 prime?
True
Is 553621657 a prime number?
True
Is 97610363 composite?
False
Is 2214631 prime?
False
Is 8917331 a prime number?
False
Is 53585093 composite?
True
Is 24455627 composite?
True
Is 19862561 a prime number?
True
Is 114113567 composite?
False
Is 20561281 a composite number?
True
Is 36609583 composite?
True
Is 179228129 a composite number?
True
Is 14325671 a prime number?
True
Is 21629767 a composite number?
False
Is 248865913 a composite number?
True
Is 1422751 prime?
False
Is 79165915 prime?
False
Is 2309609 prime?
True
Is 1592945 a composite number?
True
Is 1299773 a prime number?
False
Is 177073669 composite?
False
Is 6622466 a composite number?
True
Is 13032581 composite?
False
Is 5838347 a prime number?
False
Is 815653 prime?
True
Is 27657185 composite?
True
Is 1265519 prime?
True
Is 479261 a prime number?
False
Is 7521197 a prime number?
True
Is 20301623 prime?
True
Is 1097189 a composite number?
False
Is 114358817 a composite number?
False
Is 3913907 a prime number?
True
Is 171431257 composite?
False
Is 5517821 composite?
True
Is 214404601 prime?
True
Is 2097377 prime?
False
Is 148537321 a composite number?
False
Is 25518709 a prime number?
True
Is 1407353 composite?
True
Is 520943 composite?
False
Is 1070311 composite?
True
Is 7333841 prime?
False
Is 18238937 a prime number?
True
Is 3868867 a composite number?
True
Is 1290869 prime?
True
Is 227106637 prime?
False
Is 6728321 prime?
True
Is 5613067 prime?
False
Is 7397297 composite?
True
Is 158071 a composite number?
False
Is 615422 a composite number?
True
Is 588737 a prime number?
True
Is 123055 composite?
True
Is 25790789 a composite number?
False
Is 174672805 a composite number?
True
Is 11055113 a composite number?
False
Is 2025767 a prime number?
True
Is 5629933 composite?
False
Is 10824353 composite?
False
Is 2718553 a prime number?
True
Is 216594991 a composite number?
True
Is 150914543 prime?
False
Is 29768353 composite?
False
Is 57843701 a prime number?
True
Is 36794237 prime?
True
Is 16183929 prime?
False
Is 21586963 composite?
False
Is 236964127 a prime number?
True
Is 20798353 composite?
False
Is 453371 a prime number?
True
Is 3553673 a composite number?
False
Is 28072909 a prime number?
False
Is 5846747 a prime number?
True
Is 8453371 a composite number?
True
Is 10774163 a prime number?
True
Is 52191679 prime?
True
Is 21649703 prime?
True
Is 34907 composite?
True
Is 122913569 a composite number?
False
Is 1941067 a composite number?
True
Is 10739873 a prime number?
False
Is 36748199 a composite number?
False
Is 361047 prime?
False
Is 10905119 composite?
True
Is 1513477 a prime number?
False
Is 16463365 prime?
False
Is 15319129 a composite number?
True
Is 118251587 a prime number?
True
Is 1137109 a prime number?
True
Is 69116567 a composite number?
True
Is 422041 a composite number?
False
Is 98334979 prime?
True
Is 5504493 a prime number?
False
Is 115549879 a prime number?
True
Is 2361273 composite?
True
Is 1363529 prime?
False
Is 183359479 a prime number?
False
Is 11627519 composite?
False
Is 25357879 a prime number?
False
Is 9394813 a prime number?
True
Is 12780629 composite?
False
Is 2310389 a composite number?
False
Is 21638527 composite?
True
Is 43899347 composite?
True
Is 689053 a composite number?
True
Is 272589973 composite?
False
Is 1342799 a prime number?
True
Is 162513035 a composite number?
True
Is 3763281 prime?
False
Is 3405685 composite?
True
Is 360963043 a composite number?
True
Is 18331639 a composite number?
False
Is 922292717 a prime number?
True
Is 24810811 composite?
False
Is 352606153 a composite number?
False
Is 5702887 a composite number?
True
Is 11772391 a composite number?
False
Is 7362673 composite?
True
Is 728603 prime?
False
Is 95929723 composite?
True
Is 75212363 a prime number?
True
Is 110950349 a composite number?
False
Is 38518853 prime?
True
Is 9885493 prime?
True
Is 77611 a composite number?
False
Is 2655517 prime?
True
Is 259888747 composite?
False
Is 37845733 prime?
True
Is 666959 prime?
True
Is 19399021 prime?
False
Is 16318847 a prime number?
True
Is 5480639 composite?
False
Is 1403323 composite?
False
Is 67934657 a composite number?
True
Is 34208677 a composite number?
False
Is 505254811 a prime number?
False
Is 1408955 prime?
False
Is 41301305 a prime number?
False
Is 3034985 a prime number?
False
Is 6178301 a prime number?
True
Is 42796867 prime?
True
Is 213410209 prime?
False
Is 16816951 prime?
True
Is 16533563 prime?
False
Is 32506 a composite number?
True
Is 24901579 a prime number?
True
Is 875923 a composite number?
False
Is 52041419 a prime number?
True
Is 3361807 prime?
True
Is 1350597103 a composite number?
False
Is 43138883 composite?
True
Is 15981593 composite?
False
Is 6678401 a prime number?
True
Is 775179557 a composite number?
True
Is 52753201 composite?
True
Is 9870499 a prime number?
True
Is 8367851 a prime number?
True
Is 52233047 composite?
True
Is 215961313 prime?
True
Is 65632067 a prime number?
True
Is 279037547 composite?
True
Is 514459 composite?
True
Is 18355117 a prime number?
False
Is 53365615 a prime number?
False
Is 23839567 composite?
False
Is 37818673 composite?
False
Is 36437567 prime?
True
Is 474769 a prime number?
True
Is 32062223 prime?
False
Is 11158387 a prime number?
False
Is 48927589 composite?
False
Is 6296597 a composite number?
False
Is 2213789 a composite number?
False
Is 12278593 prime?
False
Is 12516469 a prime number?
False
Is 35354002 prime?
False
Is 4791419 composite?
False
Is 1084217 a composite number?
False
Is 143929493 composite?
False
Is 11204143 composite?
True
Is 3352429 a composite number?
True
Is 100380751 prime?
False
Is 13953145 a composite number?
True
Is 377328971 a prime number?
False
Is 2109161 a composite number?
False
Is 913637 prime?
True
Is 74798083 prime?
False
Is 392731861 a prime number?
True
Is 42559853 composite?
True
Is 2248993 composite?
True
Is 5030615 a composite number?
True
Is 2915463 a composite number?
True
Is 782107 composite?
False
Is 46462697 prime?
True
Is 66260911 composite?
True
Is 1009007 a prime number?
True
Is 8294603 a prime number?
True
Is 6518789 a composite number?
False
Is 15353942 prime?
False
Is 2926717 prime?
True
Is 1623995 a composite number?
True
Is 41320135 a prime number?
False
Is 12852673 prime?
True
Is 1864769 composite?
False
Is 7677569 prime?
True
Is 31949899 a composite number?
False
Is 1147819 composite?
False
Is 37647971 a composite number?
True
Is 5873591 prime?
True
Is 2580658 a prime number?
False
Is 37107269 a composite number?
True
Is 16141647 prime?
False
Is 341717873 a prime number?
False
Is 293611 a composite number?
True
Is 84063305 composite?
True
Is 36358079 a prime number?
True
Is 27631133 a composite number?
False
Is 45198809 composite?
False
Is 1429523 a composite number?
False
Is 29786329 prime?
False
Is 64856107 prime?
True
Is 228740731 a prime number?
True
Is 30226379 composite?
False
Is 91034329 a composite number?
True
Is 9759587 composite?
True
Is 213637 a prime number?
True
Is 6706487 a composite number?
True
Is 12378221 a prime number?
False
Is 9323773 a composite n